-t + 3. What is z(p)?
-5
Let c be 2/((7/(-2))/7). Let a = 9 - 15. Let m(i) = -5*i**2 + 9*i + 10. Let v(u) = 4*u**2 - 8*u - 9. Let f(l) = a*v(l) - 5*m(l). Determine f(c).
8
Let o(p) be the second derivative of p**6/360 - p**5/24 + p**4/12 + 7*p**3/3 - 35*p. Let q(z) be the second derivative of o(z). Calculate q(2).
-4
Suppose -1 = 2*h - 17. Let t(y) = -25*y + 14. Let l(k) = 56*k - 29. Let s(c) = -4*l(c) - 9*t(c). Calculate s(h).
-2
Let f(u) = -6. Let q(w) = w - 27. Let c(a) = -4*f(a) + q(a). Give c(-8).
-11
Let t(w) be the second derivative of w**3/3 + 9*w**2 - 135*w + 3. Calculate t(-7).
4
Suppose -5*d = -7*d + 128. Let u(s) = -64 + d - 3*s. Calculate u(5).
-15
Let z(m) = m**2 + 6*m + 6. Let l = 414 + -419. Calculate z(l).
1
Let i(u) = -u**2 + u - 1. Let h(l) = -3*l**2 + 4*l + 5. Let t(z) = -h(z) + 2*i(z). Let d be (32 - 3) + (2 - 0/(-2)). Let w = d + -26. What is t(w)?
8
Let l(v) be the second derivative of -v**3/6 + 3*v**2/2 + v. Let i(t) = t - 6. Let d be i(10). Suppose d*a = 2*a + 6. Give l(a).
0
Let o(i) = 1 + 9992*i - 9995*i - 1. Give o(-11).
33
Let a(l) = l. Suppose 104 = 19*u + 28. What is a(u)?
4
Let k(z) = -z**3 + 3*z**2 - 2*z + 1. Let a be 2 + 1 + (-1 - -8). Let x be (2/5)/(2/a). Suppose -x*y + 2 = -4*v, 2*y = 3*v - v + 4. Determine k(y).
-5
Suppose -87 + 39 = -12*r. Let d(h) = h**2 - 5*h + 2. Calculate d(r).
-2
Let i(p) = -4*p**3 + 10*p**2 - 5*p - 3. Let s(c) = c**3 - c**2 + 2*c. Let q(x) = -i(x) - 3*s(x). What is q(7)?
-4
Suppose n + v - 1 = 4, 3*v - 15 = -n. Let x(u) = u + 3. Determine x(n).
3
Let v be 21/(-6) + (-2)/4. Let m = -5 - v. Let f(h) = -10*h**3 + 6*h**2 - 17*h + 6. Let u(y) = -y**3 + y**2 - 3*y + 1. Let l(d) = f(d) - 6*u(d). What is l(m)?
3
Let s(h) = h - 3. Let c = -7 + 13. Let x be s(c). Suppose x*k + 11 - 1 = -l, -3*k - 4*l - 4 = 0. Let p(a) = a**3 + 4*a**2 - 5. What is p(k)?
-5
Let r(n) = -3*n**3 + 2*n**2 + 2*n + 1. Let p(v) = -v**2 - v + 4. Let c be p(-3). Let m be 7/((-7)/c) - -6. Let j be (-1)/3 + m/(-12). Calculate r(j).
4
Let t = 24 + -21. Let w(h) = -24*h**3 + 15*h**t - 7*h + 10*h**3 + 5*h**2 - 6. Calculate w(-6).
0
Suppose 6 = -2*g - 4*z, 5*g - z + 5*z - 9 = 0. Let c(x) = x**3 - 5*x**2 - x + 4. Determine c(g).
-1
Let b(j) = -3*j - 40. Let v(w) = -3*w**2 - 198*w - 9. Let y be v(-66). Give b(y).
-13
Let b(k) be the second derivative of -2/3*k**3 - 4*k - k**2 + 0 + 1/12*k**4. Calculate b(4).
-2
Let m(i) = 9*i + i**2 - 14 - 4*i + 23 - 11. Let x be m(-6). Let k(j) = j**2 - 5*j + 3. Determine k(x).
-1
Let a(o) = o - 7. Suppose -6*i + i + 10 = 0, 5*u - 5*i = -20. Let h be -9*6/36*u. Calculate a(h).
-4
Suppose -1 + 14 = 5*d - 4*q, 3 = 3*d - 4*q. Suppose -j = d*v - 31, 0 = -v - 2*j + 6*j + 2. Suppose -v*y + y + 30 = 0. Let l(k) = -k - 1. What is l(y)?
-7
Let c(b) = -3*b**3 + b**2 + b. Let g(q) = -16*q**3 + 2*q**2 + 20*q + 7. Let x(p) = -5*c(p) + g(p). Give x(-6).
25
Let a(q) = -5*q + 11. Let i(b) = 12*b - 5 + 0*b - b - 16. Let k(r) = 9*a(r) + 4*i(r). Give k(8).
7
Let n(j) = 0*j - 3 + j + 10. Suppose -2*u = -u. Determine n(u).
7
Let w(y) = -18*y + 40. Let u be w(2). Let d(s) = -s**2 + s. Let c(o) = 6*o**2 - 9*o - 1. Let a(q) = -c(q) - 5*d(q). Calculate a(u).
1
Suppose -12*f + 21 = -9*f. Let v(l) = 5*l**3 - 9*l**2 - 4*l - 9. Let r(q) = -6*q**3 + 10*q**2 + 4*q + 10. Let i(j) = f*v(j) + 6*r(j). Determine i(-2).
1
Let i(d) = 1 + 3*d**2 - 3*d**2 + 4*d**2 + 4 - 7*d - 3*d**2. Let v be (-44)/(-8) + 2/4. Let k be v - (2 - (0 + 0)). Calculate i(k).
-7
Let b(t) be the second derivative of t**7/840 + t**6/360 - t**5/60 - 13*t**3/6 - 9*t. Let n(k) be the second derivative of b(k). Give n(-2).
0
Let o(b) be the second derivative of -b**5/20 - b**4/2 - b**3/6 + 5*b**2/2 + 20*b + 1. Give o(-3).
-19
Let u(t) = t**3 + 7*t**2 - t - 2. Let r be 7 - 1 - (1 + 0). Let n(z) = -r + 54*z**3 + 5*z + 15 - 60*z**3 - 36*z**2. Let i(l) = 2*n(l) + 11*u(l). Calculate i(5).
-7
Let p be 12/9*(2 + 26/(-4)). Let k(n) = -n + 4. Let i(y) = 1. Let b(f) = p*i(f) + k(f). Determine b(-6).
4
Suppose 0 = 4*y + 3*j + 9, -2*y - 5 = 4*j + 7. Let b(v) = v**3 + 6*v**2 + 1. Let a be b(-6). Let u(r) = -r**2 - 1 - a + 9. What is u(y)?
7
Let p(h) = -4*h**2 - 15*h + 3. Let j(f) = 3*f**2 + 13*f - 2. Let k(d) = 7*j(d) + 6*p(d). Calculate k(-3).
-26
Let c(w) = 6*w - 3. Let r be c(1). Let t(i) = -i + i + 5 - r*i. What is t(4)?
-7
Let s(i) = -26*i + 15*i + 8*i + 0*i - 10. Let q = 10 + -17. What is s(q)?
11
Suppose 15 = -2*i + 7*i. Suppose 3*c = -0*c + 9. Let q(f) = f**3 - 6*f**2 + f**2 + 2*f + c + f**2. Calculate q(i).
0
Let o(n) = 127 - 120 + 3*n - 2*n. Let w be (-8 + -4)*(-3)/9. Let c be (-276)/60 - w/10. Calculate o(c).
2
Let t(n) = n**3 - 4*n**2 - n - 3. Let r = -142 - -147. Calculate t(r).
17
Let m(o) = 0 + 8*o**2 - 3*o**3 + 1 + 10*o + 2*o**3. Let c be m(9). Let n be (-1)/(-3 + c/4). Let v(a) = a**3 - 2*a**2 - 1. What is v(n)?
-1
Let p(x) = -4519*x - 4 - 11*x**2 + x**3 + 4519*x. Determine p(11).
-4
Let t(z) be the third derivative of -z**8/5040 + 3*z**5/10 - 10*z**2. Let j(p) be the third derivative of t(p). Determine j(-2).
-16
Let z(d) = d**3 - d**2 + d - 7. Let m be -4 - -3 - 4/(-1). Suppose -7*f + m*f = 52. Let g = f + 13. Calculate z(g).
-7
Suppose 0 = 2*b - 2*h + 6, -2*h - 16 = -3*b - 4*h. Let s be (b - -2)*(-5 + 6). Let a(f) = -f**3 + 3*f**2 + 3*f - 5. Give a(s).
-9
Let h = -318 - -318. Let f(y) = y - 16. Let o(b) = -2*b + 32. Let i(k) = -9*f(k) - 4*o(k). Give i(h).
16
Let q(f) = -25 + 31 - 13 - f. Determine q(-12).
5
Let k(f) = -f**2 + 6*f - 6. Let l(m) = -m**2 + 9*m + 9. Let u be l(9). Let z = 14 - u. What is k(z)?
-1
Let u(p) = 2*p**2 + 4*p - 1. Let m(v) = 11*v**2 + 24*v + 1. Let o(i) = -m(i) + 6*u(i). What is o(5)?
18
Let t(p) = 4*p**2 - 29*p + 68. Let z(j) = j**2 - 10*j + 24. Let x(a) = -2*t(a) + 7*z(a). What is x(-14)?
4
Let u(s) = 2 - 3*s + 4*s**3 + 3*s**3 - s - 6*s**3 + 2*s**2. What is u(2)?
10
Let d(p) be the third derivative of 0*p + 1/30*p**5 + 0 - 10*p**2 - 1/12*p**4 - 1/24*p**6 + 1/6*p**3. What is d(1)?
-4
Let l = 40 + -45. Let x be (6/l)/((-14)/70). Let i(u) = -u**2 + 6*u + 2. What is i(x)?
2
Let l(h) = h + 3. Let b(u) be the first derivative of u**4/4 + 4*u**3/3 + 3*u**2/2 + u + 56. Let f = -5 + 3. Let d be b(f). Give l(d).
6
Let v(h) = 131*h**2 + 121*h**2 - 251*h**2 - 1. Calculate v(-1).
0
Let n be ((-5)/(-40)*4)/((-2)/(-8)). Let y(l) = l + 2*l - 5*l - 2 + 7*l**2. Calculate y(n).
22
Let g(i) = 13*i + 4. Let k(n) = -25*n - 7. Let b(o) = 11*g(o) + 6*k(o). Suppose 32*s = 23*s + 828. Let r = s - 90. What is b(r)?
-12
Let p(r) = -15 - 5*r + 24 - 5 - 16. Give p(-2).
-2
Let y(c) = -6*c**2 + 8 + 8*c**2 + 0*c**2 + 0*c**2 + 6 - 22*c. What is y(10)?
-6
Let d(h) = -h - 13. Let l(w) = 15*w + 124. Let k be l(-9). Calculate d(k).
-2
Let d = -940 - -3761/4. Let r(z) be the second derivative of 5/6*z**3 - d*z**4 - 6*z - 1/20*z**5 + 3/2*z**2 + 0. Calculate r(-4).
-1
Let o be -5 + 1 + -1 + 8. Let g(r) = r**3 + 4*r**2 + 3*r - 8. Let f(w) = -2*w**3 - 9*w**2 - 7*w + 17. Let j(s) = 6*f(s) + 13*g(s). What is j(o)?
-2
Let a(k) = k - 1. Let n = -136 - -161. Suppose g + 6*r = r - n, 4*g + 3*r = -15. Determine a(g).
-1
Let o(n) = 2*n + 8. Let w be o(-2). Let l(u) = 8*u + w*u + 11*u - 10*u. Determine l(1).
13
Let p(l) = 2*l + 22. Let g be 5/((-2)/(-2 + 6)). Let u be p(g). Let f(b) = 4*b**2 + 6 - 3*b - 7*b**u + b**3 - 3*b**2. Calculate f(6).
-12
Let u(j) = -j**3 + 4*j**2 + 6*j - 7. Suppose 0 = 4*y - 9 - 71. Suppose 3*h + h - y = 0. Give u(h).
-2
Let m be -3*(-3)/(-12)*(-3 - 1). Let z(r) = -6 + 1 + m + r + 4. Calculate z(-7).
-5
Let r(s) be the first derivative of -3*s**2/2 + 8*s + 143. Determine r(6).
-10
Let i(n) = 14 - 31 + 21 - 4*n. Suppose 0 = c - 8 + 7. Suppose 0 = b + c, -4*r + b + 5 = -20. Give i(r).
-20
Let k(q) = 6*q + 1. Let o = 410 - 406. Let m(i) = -i**3 + 4*i**2 - 2. Let t be m(2). Suppose -o*f - 2 = -t*f. Give k(f).
7
Suppose 4*r + 2*s = 2*r + 8, -20 = -5*r + s. Let h be 1*-11*(-4)/r. Let d(m) = m + 2 + 9 - h + 1 - 3*m**2. What is d(-1)?
-3
Let w(s) be the first derivative of s**3/3 + 7*s**2/2 + 14*s + 44. Calculate w(-6).
8
Let h = -23 + 26. Suppose 3*v + 2*u - 22 = -v, h*v + 5*u - 34 = 0. Let z(s) = -s + v + s + 3*s + 4*s. Calculate z(-2).
-11
Let a(h) = 2*h**2 + h - 2. Let i(n) be the first derivative of n**3/3 + n**2/2 - n + 8. Let b(f) = -3*a(f) + 5*i(f).